et x = -180 + 439. List the prime factors of x.
7, 37
Let r(t) = t**3 + 3*t**2 + 2*t + 3. Let u(k) = -k**2 + 10*k + 9. Let p be u(11). What are the prime factors of r(p)?
3
Suppose 3*o + 1000 = y, 2*y - 3*o = 2611 - 617. What are the prime factors of y?
2, 7, 71
Let l(k) = k**3 - 5*k**2 + 5*k + 10. Let a be l(8). Let v = a + -138. What are the prime factors of v?
2, 13
Suppose -19*x = -23*x. Let j be (x - 0)*3/(-6). List the prime factors of (9 + -2)*(j - -9).
3, 7
Let z = -1089 + 2896. List the prime factors of z.
13, 139
Suppose 6*f - 2*f = -400. Let u = -60 - f. Suppose 3*l - 59 = u. List the prime factors of l.
3, 11
Suppose 2*n = -3*n + 4*g + 2739, g = -5*n + 2734. List the prime factors of n.
547
Suppose -7*o = -2*o - 585. What are the prime factors of o?
3, 13
List the prime factors of 27366/42 - -2 - 4/7.
653
Let r = -3 - -5. Suppose 4*t - r*t - 186 = 0. Suppose 2*n + n - t = 0. List the prime factors of n.
31
List the prime factors of (-217)/(-2) - 27/(-18).
2, 5, 11
Suppose -619 - 513 = -4*p. Suppose 3*z - p = -0*v - 2*v, z + 3*v = 92. What are the prime factors of z?
5, 19
Suppose -60*l + 68*l = 6928. What are the prime factors of l?
2, 433
Suppose -2*g = -3*r + 1, 5*r - 2*g = -0*g + 7. What are the prime factors of r/((-6)/(-4)) + 24?
2, 13
Suppose -4*t = 2*y + 3*y - 12, 2*t + 4*y = 0. List the prime factors of 3/t*-2*-36.
3
Suppose 3*m - 6 - 4 = 4*i, -4*i - 4 = 0. Let g(d) = -m + 13 - 3 + 2*d. List the prime factors of g(8).
2, 3
Let l(t) = 8*t**2 + 20*t - 53. What are the prime factors of l(12)?
13, 103
Suppose 5*y + 12*y = 12427. What are the prime factors of y?
17, 43
Suppose 0 = -2*y + 3*k - k - 52, 4*y + k = -94. Let l(h) = h**2 + 5*h - 56. Let i be l(-9). Let v = i - y. List the prime factors of v.
2
Let w(n) = 8*n**2 + 3*n - 34. List the prime factors of w(-7).
337
Suppose 4*i + 16 = 24. Let w(z) = 8*z**3 - z**2 + 3*z. Let m be w(i). Suppose 4*x - 3*h - 155 = 0, -3*x - 4*h - m = -201. What are the prime factors of x?
41
Suppose -3*m + 15 = -0*m. List the prime factors of (860/m)/((-6)/(-1 + -2)).
2, 43
Suppose -71*y + 73*y + 5*t = 4615, 5*y - 11494 = 2*t. What are the prime factors of y?
2, 5, 23
Let y(x) = x**3 + 12*x**2 - 10*x + 4. Let l be y(-13). Let t be (1 - l) + (-18)/6. Suppose m - t = -2. What are the prime factors of m?
31
Suppose 5*k - 1180 = -2*b + 2734, -5*b - 5*k + 9785 = 0. List the prime factors of b.
19, 103
Let v be (3 + (-21)/6)*-10. Suppose 0 = v*g - 309 - 36. List the prime factors of g.
3, 23
Let u(d) = 3*d - 8. Let o be u(4). Suppose 0 = -5*y + 5*a + 26 + 159, a = -o*y + 173. What are the prime factors of y?
2, 3, 7
Let v(k) = 7*k**3 - 9*k**2 - 17*k + 11. Let h(u) = -11*u**3 + 13*u**2 + 25*u - 16. Let r(b) = -5*h(b) - 8*v(b). What are the prime factors of r(6)?
2, 47
Let k be (4 - 1 - 2)*2. Let f(c) = k + 6*c - 1 - 3 - c. What are the prime factors of f(1)?
3
Let g = -2 - 4. Let k(p) be the first derivative of p**4/4 + 8*p**3/3 + 3*p**2 + p - 15. What are the prime factors of k(g)?
37
What are the prime factors of (-22813)/(-35) - (-28)/(-35)?
3, 7, 31
Suppose -5*j + 54*j - 144501 = 0. List the prime factors of j.
3, 983
List the prime factors of (2306/(-4))/(26/(-52)).
1153
Suppose -4*f = o + 387, -f - 93 = 3*o - 4*o. Let x = 131 + f. List the prime factors of x.
5, 7
Suppose -3*m + 294 + 303 = 0. What are the prime factors of m?
199
Let o(a) = -a**2 + 4*a - 2. Let p be o(3). Suppose t + 385 = p. What are the prime factors of (-2)/7 - t/21?
2, 3
Suppose p + 9 = 2*o, p = -o - 4 + 10. Let m be (-2 - -1)/(p/(-2)). Suppose 6*u - 40 = m*u. List the prime factors of u.
2, 5
Let a(h) = 3*h**3 - 4*h**2. Let d be a(3). Suppose -d = 3*o + 6. What are the prime factors of (o/(-1))/((-2)/(-6))?
3, 17
Let f(d) = 35*d**2 + 16*d + 9. What are the prime factors of f(5)?
2, 241
Suppose 3*a = -a + 160. Suppose 3*b + 2*b + a = 0. Let v = b + 16. What are the prime factors of v?
2
Let i be (-12)/60 + 2/10. Suppose -b + 4*b - 3 = 0, i = -k + b + 4. Suppose 0*j - 3*j + 4*c + 139 = 0, -k*j + 185 = 5*c. List the prime factors of j.
41
Let u = 230 + -208. Let d(k) = k**3 + 2*k**2 - k. Let j be d(1). Suppose -g = -j*g + u. List the prime factors of g.
2, 11
Let d(j) = j**2 - 10*j - 9. Let o be d(11). Suppose -o*c + 3*w = -3, 2*c - w - 2 - 7 = 0. Suppose c*m - 76 = 2*m - 3*i, -i = 0. List the prime factors of m.
19
Suppose 14*c - 19*c = -4*q - 2970, -2*q - 2960 = -5*c. What are the prime factors of c?
2, 5, 59
Let m be 3*-1*(-3)/9 + 8. Suppose 0 = -y + m. What are the prime factors of y?
3
What are the prime factors of (-3)/4 + 0 - (-72819)/324?
2, 7
Suppose 20 = -5*r, 1823 = f + 4*r + 209. What are the prime factors of f?
2, 5, 163
Let b(j) = -j**3 - 8*j**2 - 32*j - 11. What are the prime factors of b(-9)?
2, 179
Let x be (1026/15)/((-4)/(-10)). Suppose -4*m + 3*m = -x. List the prime factors of m.
3, 19
Suppose 5*i = -5*s + 4130, -5*s - 1768 = -2*i - 81. What are the prime factors of i?
3, 277
Suppose -o + 4*o = 6. List the prime factors of o/3 + 1666/21.
2, 5
Let r(g) = 3*g**2 + 2*g + 2. Let l be r(-1). Suppose 0 = -l*n + z + 4, -n + 0*z = 3*z + 2. Let c(v) = 22*v + 1. List the prime factors of c(n).
23
Let u = -22 + 24. Suppose 4*s = -5*l + 100, -u*l - 4 = -5*s - 77. Suppose -3*w + a = -w - l, 0 = w + a - 6. List the prime factors of w.
2, 5
Let j = 0 + -6. Let r be j/(6*(-4)/16). List the prime factors of 67/r - (-2)/8.
17
Suppose -g = -0*o + 2*o + 11, 5*o - g + 10 = 0. Let k be -1 + 3 + (o - -25). Suppose -s - 2*a = -a - k, -3*a = 0. What are the prime factors of s?
2, 3
Suppose -5*j = -36 + 6. Let s(u) be the second derivative of -u**4/12 + u**3 + 7*u**2/2 + u. List the prime factors of s(j).
7
Let f(l) = 2*l**3 + l**2 - 4*l - 9. Let k be f(-3). Let m = k + 212. List the prime factors of m.
2, 5, 17
List the prime factors of 0 + 11 + 11 + -3 + -8.
11
Let h(t) = -4*t**2 - 22*t + 6. Let u be h(-6). List the prime factors of (-4)/u - (-898)/3 - 3.
3, 11
Suppose -2 = 2*l - 4*b, b = 3*l - 3*b - 1. Suppose -2*u = 0, -l*m + 3*u = 5*u - 594. What are the prime factors of m?
2, 3, 11
Suppose x + 4*s = 9, -x - 3*s - 2*s + 10 = 0. Suppose 59*i = 55*i + 20. Suppose 3*g - x = -5*r, g = -g - 5*r - i. List the prime factors of g.
2, 5
Let r = 171 - 68. Let i = -41 + r. List the prime factors of i.
2, 31
Let r = -18 + 31. Let c = 6 + -3. Suppose -2*k - c*w + 22 - 1 = 0, 2*k = 5*w + r. List the prime factors of k.
3
Suppose 6 = 4*y + 18. What are the prime factors of -7*(y + -1 + -3)?
7
Suppose -u = -4*x - 4*u + 17, -5*x + 5*u = -65. Suppose -x*y + 370 = -486. What are the prime factors of y?
107
Let j be ((-90)/5)/((-3)/10). What are the prime factors of (-2)/12 - (-490)/j?
2
Let n(v) = v**3 + 3*v**2 - 11*v - 21. Let r be n(-4). Suppose -71 = -r*q + 76. What are the prime factors of q?
3, 7
Let i(x) = -x**3 - 5*x**2 - 6*x - 5. Let y be i(-4). Suppose 2*d + v - 108 = 0, 2*d + y*v - 21 = 87. List the prime factors of d.
2, 3
Let j(b) = -5*b - b**2 + 3*b**2 - 5 + 6*b. Let r be j(-9). List the prime factors of -2*-1*r/8.
37
Suppose -2*o - 4*i = 0, 4*o = -0*i - 2*i - 18. Let q(u) = -u**3 - 6*u**2 - 1. Let f be q(o). List the prime factors of 345/25 - f/5.
2, 7
Let d = 3 + 1. Suppose 8*q = d*q + 140. List the prime factors of q.
5, 7
Let d(m) = m**2 + 2*m - 4. Let n be d(9). List the prime factors of (7/(-4) - (-1)/(-4)) + n.
3, 31
List the prime factors of 700/(-30)*(-123)/2.
5, 7, 41
Let r(m) = 10*m**2 - m - 10. Let i(o) = -10*o**2 + 11. Let c(x) = -7*i(x) - 6*r(x). List the prime factors of c(-5).
7, 29
Suppose 2693 = 2*l - 1699. What are the prime factors of l?
2, 3, 61
What are the prime factors of (-72657)/(-143) + 1/(-11)?
2, 127
Let b(v) = -5*v + 10. Let g be b(2). Suppose 0*a + 4*a - d = 931, g = 5*a + d - 1166. What are the prime factors of a?
233
Let k(h) = 22*h. Let b be k(1). Suppose -5*l = j - b, 4*l + 5*j + 0 - 5 = 0. What are the prime factors of 2 + (3 - l - -4)?
2
Let f = -2 + 5. Let u be 125/15*f/1. List the prime factors of ((-10)/u)/(1/(-85)).
2, 17
Let p be (-1912)/(-14) - 32/56. Suppose -200 - p = -4*b. What are the prime factors of b?
2, 3, 7
Let d(c) = 5*c**3 - 5*c**2 - 5*c - 2. Let w be d(-4). Suppose -2*v + 3*l = 177, 3*v - 5*l + 6*l = -249. List the prime factors of 63/v + w/(-8).
47
Suppose 0 = 2*h - 6*h + 4